4). Calculate the highest common factor of 27 and z.
9
Let y be (-2)/8 + ((-33)/(-4) - -5). Let j be (598/y)/(2/11). What is the highest common divisor of j and 44?
11
Let m be (-11 + 980/84)/(4/68382). Calculate the greatest common divisor of 87 and m.
87
Suppose 4*h = -3*n + 2*n + 7, -4*n = 2*h + 14. Let p be ((-9)/h)/(8/(-104)). What is the greatest common divisor of p and 78?
39
Suppose 5*p + 107 = -118. Let r = 47 + p. Suppose 3*j - 7*j + w + 3 = 0, 0 = 2*j - 2*w. Calculate the greatest common divisor of r and j.
1
Let t be 126/54 + (-10)/(-6) + -1. Suppose -7*z = -3*z - t*p - 54, 5*p + 65 = 5*z. Calculate the highest common factor of 120 and z.
15
Let w(q) = q**3 - 10*q**2 - 9*q + 12. Let m be w(11). Let a = 2442 - 2136. Calculate the highest common factor of m and a.
34
Suppose 3*o + 5 = 2*w + 1, -2*o = 3*w - 32. Calculate the highest common factor of 5144 and w.
8
Let t = -1506 - -1737. Calculate the greatest common divisor of 1353 and t.
33
Let v be (-1 - -61)/(9*76/342). Let x = 42 + -18. Calculate the greatest common divisor of x and v.
6
Let k(i) = 2*i**2 + 71*i + 341. Let a be k(-32). What is the greatest common divisor of 1521 and a?
117
Suppose 3*z - 3*c = 471, 117*z - 5*c + 565 = 121*z. Calculate the highest common factor of z and 11640.
30
Suppose 7*w - 1235 = 676. Calculate the greatest common factor of 1183 and w.
91
Let u = 94 + -44. Suppose -3*o + 8*o = u. Let i(k) = -29*k**3 - 291*k**2 - 16*k - 35. Let c be i(-10). What is the highest common divisor of c and o?
5
Let r(m) = 3*m**3 + 4*m**2 - m - 4. Let y be r(4). Suppose 13*o - 9*o + 164 = 0. Let l = 72 + o. What is the greatest common divisor of y and l?
31
Let l be 52/((-468)/18)*-64. What is the highest common factor of l and 3888?
16
Suppose 0 = -6*f + 3*f - 81. Let m = f + 30. Suppose -33 = 2*r - 87. Calculate the highest common factor of r and m.
3
Let x(a) = a**2 + 22*a - 15. Let v be x(-35). Let z = v + -237. Let f(w) = -w - 2. Let k be f(-9). What is the highest common divisor of z and k?
7
Suppose 3*n + 14 = 10*n. Let i(c) = 10*c + 16. Let r be i(n). Let h = -4 + 16. What is the greatest common factor of r and h?
12
Let w be -176*(0 + -1)*(1 - 0). Let u(q) be the first derivative of q**4/4 + 2*q**3/3 + 4. Let g be u(2). What is the greatest common factor of g and w?
16
Suppose -99*f - 111*f = -4410. What is the highest common divisor of 3171 and f?
21
Let u = -2862 + 8686. Calculate the greatest common divisor of u and 42.
14
Let s be -105*(2 + (-22)/10). Let y(o) = -2*o**3 + 42*o**2 + 2*o - 23. Let f be y(s). Calculate the greatest common divisor of 57 and f.
19
Suppose -101*x - 51*x = 163*x - 630. Suppose -167 = -4*d + 4*u + 185, d - 112 = -5*u. Calculate the highest common factor of d and x.
2
Let o = -339 + 362. Suppose -o = -3*q + 7. What is the greatest common factor of 170 and q?
10
Let f = -11290 + 11338. Calculate the greatest common factor of 16176 and f.
48
Let a = 59 - 14. Let g be 69 + (-28)/8*36/21. Calculate the highest common divisor of a and g.
9
Let n = -136 + 137. Let y(u) = 66*u + 6. Let x be y(n). What is the highest common factor of x and 216?
72
Let l(g) = -g**3 - 23*g**2 + 7*g + 419. Let k be l(-23). What is the greatest common divisor of 2150 and k?
86
Let i = 105 + 14. Suppose 0 = 2*a + i - 141. Calculate the highest common factor of 473 and a.
11
Let v = 1057 + -1061. Let p(j) = j**3 + 6*j**2 - 13*j - 14. Let i be p(v). Calculate the highest common factor of i and 770.
70
Let b(h) = -49*h. Let s be b(-8). Let f = -1324 - -1380. Calculate the greatest common factor of s and f.
56
Let v(q) = -676*q + 2. Let y be v(-1). Let n = y + -651. Let s(f) = 3*f - 3. Let x be s(4). Calculate the highest common factor of n and x.
9
Let t be 4/26 + (-100)/(-26). Let c = 321 - 277. Calculate the highest common divisor of c and t.
4
Let d = 281495 + -281396. Let l(x) = 3*x**2 - x - 3. Let s be l(-5). Calculate the highest common divisor of d and s.
11
Let f be 6/8 - ((-24983)/28 + 5). Suppose -16*g = f - 24. Let w be (6 + g/(-12))/(1/6). Calculate the highest common divisor of 14 and w.
7
Suppose 27*d - 12*d + 15 = 0. Let s be 26 - (d + 1) - 4. Calculate the highest common factor of s and 132.
22
Let s(v) = 88*v**3 - v**2 + v. Let n be s(1). Let l = -36 + n. Let h = -272 - -285. Calculate the highest common divisor of l and h.
13
Suppose 6*y - 2 = 4. Let x be y/(3 - 250/85). Let t be x*(0 + 5/1). What is the greatest common divisor of 5 and t?
5
Let x = 4366 + -4363. Suppose 0*p - 4*p = -3*f - 14, 0 = 3*f - 6. Calculate the highest common factor of p and x.
1
Let f(v) = -v + 9. Let m be f(-2). Let w(r) = -r**3 + 15*r**2 - 24*r + 18. Let z be w(m). What is the greatest common divisor of z and 42?
14
Suppose 2*i + 2*i = 5*a + 129, -3*a = 5*i - 115. Let m(p) = 5*p**2 - 2*p - 91. Let k be m(0). Let q = k + 169. Calculate the highest common divisor of i and q.
26
Suppose -5*a - 4*t + 5*t + 32 = 0, -12 = -a + 3*t. Let h = 20 - a. Calculate the highest common divisor of h and 126.
14
Let v(n) = 2*n**3 + 21*n**2 + 13*n + 28. Let y be v(-9). Suppose 45*s - y - 566 = 0. Calculate the greatest common divisor of 36 and s.
4
Let p(r) be the second derivative of 10*r**3/3 - 30*r**2 - 124*r. Let m be p(19). Calculate the greatest common divisor of m and 40.
40
Suppose 88*h - 82*h - 180 = 0. Suppose 4*v - 118 = -h. Calculate the greatest common factor of v and 176.
22
Suppose -156*w + 115260 = 409*w. Let b(p) = -p**3 + 8*p**2 - 5*p - 6. Let g be b(6). Calculate the highest common divisor of w and g.
12
Suppose 6 = 4*x + 2*s, 392*x + 7 = 396*x + 3*s. What is the highest common factor of x and 1489?
1
Let i = -5497 - -6526. What is the greatest common divisor of i and 28?
7
Suppose -x + 1 = 2, 178 = l + 2*x. Let p be (-468)/10*l/(-54). Calculate the highest common factor of p and 390.
78
Let a(k) = 2*k - 75. Let t be a(46). Let x = 721 - t. Calculate the greatest common divisor of x and 32.
32
Suppose -4*n - 5*z + 7 = 0, 2*z + 2 = -4*n - 0*z. Suppose 3*x + 9 = 4*i, 109 = -x + 110. Let c be i/6 - 7/n. What is the highest common factor of 6 and c?
2
Suppose -22 = -4*c - 2*b, 3*b - 15 = 3*c - 9. Let n be (-185)/(-15)*(c - 0). Calculate the highest common divisor of n and 296.
37
Let s = -333 + 334. Suppose 1 = -3*i + i + 3*j, -4*j = -12. Suppose -o = a - i - s, -2*o + 26 = -2*a. What is the highest common factor of 9 and o?
9
Let d(x) = -x**3 - 9*x**2 - 9*x - 10. Let w be d(-7). Let r be (-570)/w - (1/(-3))/1. Let l = -120 + 263. What is the highest common factor of r and l?
13
Suppose -4*x + 254 = -17*w + 19*w, -3*x = 7*w - 152. Calculate the greatest common factor of x and 37654.
67
Suppose 305*d - 408 = 281*d. What is the greatest common divisor of 1122 and d?
17
Suppose 4*d - 31 = 45. Let v = d - 3. Suppose -2*g - 160 = -6*g. Calculate the highest common divisor of v and g.
8
Suppose -456 + 2168 = 5*c + 2*p, 0 = 5*c - 2*p - 1728. Calculate the greatest common divisor of 12 and c.
4
Let t(f) = -f**3 + 20*f**2 - 36*f + 15. Let v be t(18). Let h be ((432/15)/2)/(v/50). What is the greatest common factor of h and 96?
48
Suppose 4*n + 1671 = -3*h - 9, 5*h = -20. Let t = -325 - n. Calculate the highest common divisor of t and 115.
23
Let l = 22771 + -22663. What is the highest common divisor of 596 and l?
4
Let x(q) = -q**3 - 10*q**2 + 43*q - 45. Let z be x(-15). What is the greatest common factor of z and 1885?
145
Let r = 1945 + 197. What is the highest common divisor of r and 84?
42
Let n be 3*(-3 + 1 + 4). Let k(u) = -u**2 + 36*u - 139. Let c be k(n). Let i = 18 - -64. Calculate the greatest common factor of c and i.
41
Suppose 11*v = 8*v - 5*h + 30, 0 = -3*v + 4*h + 30. Let x = 41 - 27. What is the highest common divisor of v and x?
2
Let t be (-64)/(-4) + -41 + 53. What is the greatest common factor of 1804 and t?
4
Let m(l) = -l**3 + 15*l**2 + 37*l - 23. Let w(g) = 3*g + 50. Let y be w(-11). Let p be m(y). Calculate the greatest common divisor of p and 476.
28
Suppose -3*l + 3*y = -21, -3*l - 8 = -y - 31. Let a = -8181 + 8213. Calculate the highest common factor of l and a.
8
Suppose 3*o + 38 = d, -90*o + 95*o = 2*d - 72. Let b = 346 + -216. What is the highest common factor of b and d?
26
Let b(k) = 4*k**2 + k - 15. Let y be b(2). Let j(h) = -h + 15. Let s be j(